t c(j) = -3*j**3 + 89*j**2 + 37*j + 55. Let a(l) = -4*c(l) - 7*v(l). Calculate a(-20).
2
Let o(k) = -5*k + 5 + k + 127369*k**2 - 127368*k**2 - 2*k. Give o(5).
0
Let j(s) = -s**2 + 7*s - 15. Let w(i) = 2*i**2 - 6*i + 14. Let c(o) = 3*j(o) + 2*w(o). Suppose -12*k = 14*k - 28*k - 22. Determine c(k).
5
Let m(q) = -1 + 208*q - 205*q + 4*q**2 + 0*q**2. Suppose 40 = 7*n - 58. Suppose 6*t = -t + n. Determine m(t).
21
Let o(v) = v + 17. Let i(m) = -3*m - 4. Let b(r) = -10*r - 13. Let k(g) = -2*b(g) + 7*i(g). Let p(d) = 5*k(d) + o(d). Determine p(6).
-17
Let j(g) = -2294*g**2 - 2301*g**2 + 6895*g**2 - 2299*g**2 - 3 - 10*g. Give j(10).
-3
Let j = -12125 - -12115. Let x(a) = -7*a - 55. Give x(j).
15
Let h(a) be the third derivative of -a**5/60 + 5*a**4/8 - 5*a**3/2 + 2*a**2 + a - 4. Calculate h(10).
35
Suppose 8 = -3*t + 26. Suppose o - t = -o. Let s(x) = 4*x**2 - 12*x - o*x**2 + 3*x. What is s(9)?
0
Suppose -6*t - 1 = -4*t - r, 4*t - 28 = -4*r. Let g(k) = k + t*k - k - 4. Suppose 5*a - 326*w + 9 = -333*w, -w - 9 = 2*a. Give g(a).
-16
Let s(o) = 2*o**2 - 63*o - 28. Let q be s(32). Let t(x) be the first derivative of x**4/4 - 2*x**3 + 3*x**2 - 6*x - 46. What is t(q)?
-14
Let v be 457 + (-2 - -4) + -2. Suppose -456*h + v*h - 4 = 0. Let w(m) = m**3 - 5*m**2 + 4*m + 4. Calculate w(h).
4
Let g(r) be the first derivative of 3*r**2/2 - 8*r + 19. Suppose 76*y = 92*y - 160. Give g(y).
22
Let j(y) = y - 13. Suppose 2*h = -5*l + 133, 2*l - 6*l + 104 = 4*h. Let m be (-33)/((4/3)/((-12)/l)). What is j(m)?
-2
Let c(l) be the third derivative of 5/12*l**4 + 55 + 0*l - l**2 - 2/3*l**3. Give c(3).
26
Suppose -2*h - 75 = -7*h. Suppose -h*a = -11*a - 12. Let u(k) = 5*k**2 - 6 - 26*k**a - 2*k + 27*k**3 - 1. Determine u(-5).
3
Suppose -13*t + 3*z - 7 = -18*t, -5*t = -3*z + 17. Let n(p) = -9*p - 4. Determine n(t).
5
Let w = 2 - 3. Let r(l) = -1 - l - 14*l**2 - 15*l**2 - 9*l**2 + 24*l**2 + 15*l**2. Determine r(w).
1
Let p(c) = 30*c**2 - 4*c - 21. Let h(o) = 45*o**2 - 7*o - 33. Let s(k) = 5*h(k) - 8*p(k). Calculate s(2).
-63
Let z(f) = 5*f - 5. Let v(r) = -4*r + 3. Let x(t) = -7*t + 5. Let s(b) = 5*v(b) - 3*x(b). Let p(a) = -4*s(a) + z(a). Suppose -1 = -j + 6. What is p(j)?
2
Let z(p) = -16654*p + 16661*p + 40 - 84. Determine z(9).
19
Let f(j) = j**3 - 2*j**2 + j - 2. Suppose 3*y - 3*p = 3, -y - 3*p + 3 = -2*p. Let v(m) = m**2 + y*m + 25 + 14*m - 3*m. Let h be v(-11). What is f(h)?
10
Suppose 188*d - 193*d = -2*r - 15, 3*r = 7*d - 24. Let w(p) = p**2 + 19*p + 67. What is w(r)?
7
Let c(r) = r**3 + 13*r**2 - 2*r - 29. Let d be c(-13). Let p be 21/9 - d/(-9) - -1. Suppose 2*k + p*k - 35 = 0. Let f(o) = o**2 - 4*o - 10. Determine f(k).
11
Let p(j) = 3721*j**3 - 2*j - 1861*j**3 - 4*j**2 - 11 - 1859*j**3. Give p(5).
4
Let t(s) be the second derivative of 117*s - 1/20*s**5 - 9/2*s**2 + 1/2*s**4 - 1 + 4/3*s**3. Calculate t(7).
-2
Let j(q) = 3*q + 8. Suppose -341 = 18*l + 685. Suppose 5*d - 61 = 2*y, -2*y - 3*d - 47 = -y. Let v be l/y*(-4 + 0/2). Calculate j(v).
-10
Let t be 2/(-3)*5/(30/(-27)). Let m(i) = 323*i**3 - 321*i**3 + 2*i**2 + t - i + 3*i + 0*i. Let h be (-6 - (1 - 5))*1. Determine m(h).
-9
Let f(j) = -12*j**3 - 3*j**2 + j. Let w(r) = -r**3 - 4*r**2 + 1. Let m(h) = -f(h) + w(h). Let t(z) = 2*z**2 + 2*z + 1. Let y be t(-1). Determine m(y).
10
Let a(t) be the first derivative of -11*t**2/2 + 18*t + 1173. Calculate a(2).
-4
Let v(f) = f**2 - 11*f + 10. Let o be -9 - 13/((-39)/30). What is v(o)?
0
Let o(f) = -173*f - 177*f - 6 + 348*f. Let m(y) = y. Let l(u) = 3*m(u) + o(u). Determine l(10).
4
Let j(i) = -8*i - i**2 - 8*i**2 + 9 - 745*i**3 + 748*i**3. Suppose -1 + 5 = p. Let d(b) = -4*b**3 + 10*b**2 + 9*b - 10. Let u(f) = p*d(f) + 5*j(f). Give u(-4).
5
Suppose -5*h - 6 = -q + 2*q, -3 = 3*h. Let c be (-6)/(-24) - (q + 10/8). Let t(v) = -v**2 + v - 3. Determine t(c).
-3
Suppose 0 = -4*c + c - 2*c. Suppose -4*g + 2*g = -52. Let d(q) = 13 + 2*q - q**2 - g - q**3 - q. Determine d(c).
-13
Let o(p) = 3*p**2 - 22*p + 22. Suppose 239*b = 1290 + 861. Calculate o(b).
67
Let p(m) = -5 - 198*m**3 + 0 + 195*m**3 - 2*m + 2*m**2 + 2*m. What is p(2)?
-21
Let r(n) be the second derivative of -57*n + 0 - 1/6*n**3 - 1/20*n**5 - 1/12*n**4 - 5/2*n**2. Let b(v) = v**2 + v. Let x be b(0). Give r(x).
-5
Let t(i) = i**3 - 4*i**2 - 7*i + 8. Let v be 12 - (11 - (16 + -12)). What is t(v)?
-2
Let u(d) = d**3 - 6*d**2 - 9*d + 5. Let f be 168/36*78/4. Let b be 3*(1 + -1 + f/39). Calculate u(b).
-9
Let r(c) = 17*c**2 + c - 2. Let k(m) = 31*m**2 + 2*m - 5. Let t(j) = -2*k(j) + 5*r(j). What is t(1)?
24
Let f(y) = 37*y - 2 - 2 + 0 - 20*y - 16*y. Let l be (-3 - -4)*3 + (7 - 5). Give f(l).
1
Let d(v) = v**3 + 3*v**2 - 2. Let c(a) = 35*a**3 + 7*a**2 - 6. Let b(r) = c(r) - 2*d(r). Give b(1).
32
Let g(h) = h**2 - 15*h + 25. Suppose 0 = -394*u + 313*u + 1053. Determine g(u).
-1
Let w(b) = -3*b - 25. Let s be w(-9). Suppose 2*m + 1 = 3*p, 19 = -4*p + p - s*m. Let j(u) = u**2 + 5*u + 2. Give j(p).
-4
Let r(f) be the third derivative of 1/60*f**5 + 0*f + 0*f**3 + f**2 + 42 + 1/24*f**4. Determine r(-5).
20
Let y(i) = 6*i + 2. Let u be 3 + (7 + -8)*(0 - 1). Let z be y(u). Let p(v) = 44*v**2 - 5*v + 2 - 19*v**2 - z*v**2. What is p(-6)?
-4
Let y(j) be the first derivative of -4*j**3/3 - 5*j**2/2 - 2*j + 153. Calculate y(-2).
-8
Let j be (8/(-10))/(-9 + (-188)/(-20)). Let y(h) = 50*h + 6. Give y(j).
-94
Let k(x) = 3*x**2 + 2*x - 7. Let y(f) = 0*f + f - f + f**2 - 1. Let u(z) = -z**2 - 5*z - 5. Let w be u(-2). Let m(i) = w*k(i) - 4*y(i). Determine m(3).
-6
Let h(t) = -2*t**2 + t**2 - 7*t**2 - t**2. Suppose w + 2*i + 5 = 3, -2*w + 4 = 2*i. Suppose 7*v + w = v. Give h(v).
-9
Let a(m) = m + 1. Let f be a(5). Let h = f - 10. Let j(k) be the first derivative of k**3/3 + 3*k**2/2 - 5*k - 544. Determine j(h).
-1
Suppose -2*v + 18 = -3*k, -28 + 3 = -3*v + 4*k. Suppose -v*o = 9*o - 48. Let a(w) = -w + 7 - 2 + 0*w. Calculate a(o).
1
Let s be (1 + 1)/(7/(-14)). Let p(l) = -3*l**3 - 5*l**2 + 2*l. Let t be p(s). Let k(q) = -3 + 101*q - t*q + q**3 + 2 - 2*q**2. Calculate k(3).
-1
Suppose -24 = -4*w + 5*v, 5*w + 6*v - 7*v - 9 = 0. Let o(y) be the first derivative of 3/2*y**2 + w + y. Determine o(-1).
-2
Let t(r) be the first derivative of -r**4/8 + r**3/6 + 5*r**2 - 54. Let n(p) be the second derivative of t(p). Suppose 5*d + 5*z + 1 = z, 5*d = -5*z. Give n(d).
4
Let n(g) = g**3 - 9*g**2 - 9*g. Let l = 5 + -12. Let d(y) = -11*y - 74. Let m be d(l). Suppose -120 = m*j - 15*j. Determine n(j).
10
Suppose 1 + 4 = v - k, 4*k + 20 = v. Suppose v = -6*t + 2*t. Let o(q) = 171*q**3 - 343*q**3 + q**2 + 171*q**3 - 8. What is o(t)?
-8
Let g(x) = 8*x**2 - 5*x - 10. Let t(l) = -11*l**2 + 2*l + 11. Let p(d) = 4*g(d) + 3*t(d). Determine p(-16).
-39
Let j(y) = y. Let k(q) = 3*q**2 - q - 2. Let n(t) = j(t) - k(t). Let w = 9 + 3. Let b be w/10*10/4. Give n(b).
-19
Let y(g) = -g**2 - 15*g + 19. Let o be y(-16). Suppose 14 = a + 4*l, 5*l = -0*a + o*a + 9. Let k(h) = h**3 + h**2 - 2 + 2*h**2 + 0*h**a. What is k(-3)?
-2
Let k be (-50*58/(-725))/(4/(-3)). Let r(a) = 30*a + 99. Calculate r(k).
9
Let t(x) = 55*x + 1258. Let f be t(-23). Let a(k) = 2*k + 18. What is a(f)?
4
Let v(m) = 10*m + 0 - 14 - 5*m - 4*m. Let u(c) = -c + 13. Let j(y) = 6*u(y) + 7*v(y). Suppose 0*d = -2*d. Determine j(d).
-20
Let j(t) = 1. Let v(k) = -3*k - 3. Let g(m) = 4*j(m) + v(m). Let a be (465*(-19)/(-1368))/((-5)/(-4)) - (-4)/(-24). What is g(a)?
-14
Suppose 4*f = -4*s + 2*s + 1016, -2 = s. Let i = f - 260. Let v(z) = -4*z + 0 + 1 + 7*z. Calculate v(i).
-14
Let x(b) = b**3 - b**2 + 5*b - 3. Let c = -4893 - -4895. Determine x(c).
11
Let m(t) = 23*t**3 - t**2 + 4*t + 4. Let w be m(-1). Suppose -108 = 4*s - 5*x, 3*x + 20 = -2*s - 12. Let l = w - s. Let o(c) = -c**2 - 5*c - 2. Calculate o(l).
4
Let f be (-2275)/(-350)*(-24)/(-13). Let m(x) = -x**2 + 13*x - 13. Calculate m(f).
-1
Let f(o) be the first derivative of o**4/4 + 11*o**3/3 + 6*o**2 + 999. Determine f(-10).
-20
Let v(w) = 0 + 0*w**3 - 4 - 3*w**3 - 4 + 30*w**2 + 1. Let j(m) = 2*m**3 - 21*m**2 + 5. Let c(d) = 7*j(d) + 5*v(d). Determine c(2).
4
Let u(v) = -5*v**3 - 10*v**2 - 9*v - 11. Let t be 3*(-7 - -5)*1/2. Let r(x) = 8*x**3 + 19*x**2 + 18*x + 21. Let j(b) = t*r(b) - 5*u(b). Calculate j(8).
-16
Let w(f) = f**2 - 4. Let c be w(-3). Let